re the prime factors of 488/22 + 6/z?
2, 11
Let p(b) = -b**3 - 7*b**2 + 7*b - 4. Let g be p(-8). List the prime factors of (-48)/(-18) - g/6.
2
Let t(w) = w**2 + 2*w + 7. List the prime factors of t(-5).
2, 11
Let z = 59 + -42. Suppose p - 41 = -z. Suppose -h + p = 2*h. What are the prime factors of h?
2
Suppose -2*f + 0*f = -120. Suppose -5*o - 4*x + f = x, -5 = x. Suppose 0*p + 3*p = 12, d = -3*p + o. What are the prime factors of d?
5
Suppose 2*c - 6*c - 36 = 0. What are the prime factors of c*((-12)/9 + 1)?
3
Let z = 42 - 24. What are the prime factors of z?
2, 3
Let v(w) = -w**3 + 3*w**2 - w - 2. Let s be v(2). Suppose s = -5*f + 3*f + 30. List the prime factors of f.
3, 5
Let f(z) be the first derivative of z**4/4 + z**2/2 + 20*z + 3. Let h be f(0). Let v = 29 - h. List the prime factors of v.
3
Suppose 2*q + 1 = l, 5*l - 25 - 40 = -5*q. Let j = l + -6. Suppose -5 = -j*h + 2*h. What are the prime factors of h?
5
Suppose -2*x + 5*k + 175 = 0, k + 89 = x - 2*k. List the prime factors of x.
2, 5
Let y(s) = s. Let c be y(2). Suppose -i = c*i. List the prime factors of i + 2 - -2*5.
2, 3
Let f(k) = 15*k**2 + k - 1. Suppose -g + 1 + 0 = 0. Let w be f(g). Let b = w + -8. What are the prime factors of b?
7
Let h(d) be the first derivative of -d**2/2 + 21*d - 2. Let z be h(11). Let b = z - -6. List the prime factors of b.
2
Let r(h) = h**3 + h**2 + 18. Let f be r(0). Suppose -23 - f = -y. List the prime factors of y.
41
Suppose 0 = d + 2*d + 27. Let n = d + 55. Suppose -4*b - u + 4*u = -52, 0 = 5*b + u - n. List the prime factors of b.
2, 5
Let c = -6 + 21. Suppose -45 + 8 = -5*y + 4*z, 5*z + c = 0. Suppose 4*l - 12 = 0, -y*u - 4 = 2*l - 40. What are the prime factors of u?
2, 3
Let b(g) = -4*g**2 - g**3 - g + 2*g**2 - 4*g**2. What are the prime factors of b(-6)?
2, 3
Let u(f) be the third derivative of f**6/360 - f**5/60 - 5*f**4/24 + f**3/6 + 2*f**2. Let d(t) be the first derivative of u(t). List the prime factors of d(5).
2, 5
Let h(v) = -v**2 - 12*v + 14. What are the prime factors of h(-6)?
2, 5
Suppose 2*z = -w - 9, 5*w + 3 = w + 3*z. Let d(n) be the second derivative of n**5/20 + 5*n**4/12 + 5*n**3/6 + 2*n**2 + n. List the prime factors of d(w).
7
Let r = -375 + 544. List the prime factors of r.
13
Suppose -6*o - 254 = -866. What are the prime factors of o?
2, 3, 17
Let d be (-2 - -4)/(0 + 1). Suppose x = -2*n - d, 5*n + 7 + 31 = 3*x. List the prime factors of x.
2, 3
Let a(h) = -17*h**2 + 8*h - 8. Let n be 5 + (0 - 2/(-1)). Let c(m) = 17*m**2 - 7*m + 7. Let o(q) = n*c(q) + 6*a(q). List the prime factors of o(1).
17
Let h = 106 + -27. What are the prime factors of h?
79
Let a(u) = -160*u + 12. List the prime factors of a(-2).
2, 83
Suppose 5*c + j - 2*j = 160, -5*c + 4*j = -145. Let x = 49 + -71. Let k = c + x. List the prime factors of k.
11
Suppose 0*b - 5*b = 2*s - 35, 16 = 4*b + 4*s. Let x = b + -6. Suppose -37 = -4*y + x*c, 4*c - 5 - 15 = 0. What are the prime factors of y?
13
Let m be (52 - -5)*(-2)/(-6). Let v = m - 6. List the prime factors of v.
13
Let q be (-36)/8*60/(-9). Suppose 5*k - 2*z = k + q, 5 = 5*z. What are the prime factors of k?
2
Suppose 5*l + 2*v - 152 = 0, -17 - 71 = -3*l + 2*v. Let x = l - 18. List the prime factors of x.
2, 3
Let c(o) = 2*o**2 - 11*o + 2. List the prime factors of c(8).
2, 3, 7
Let p = -20 + 111. What are the prime factors of p?
7, 13
Suppose -2*s + 3*m + 2*m + 88 = 0, 3*s - 132 = -2*m. What are the prime factors of s?
2, 11
Let l = 32 + 66. Suppose 4*a + j = l, -j = 3*a - 4*j - 66. What are the prime factors of a?
2, 3
Suppose 0*f - 5*f + 455 = 5*b, 3*f + b = 271. What are the prime factors of f?
2, 3, 5
Let p(i) = i**2 - i - 4. Let w be p(-3). Let f = w + 19. List the prime factors of f.
3
Let p = 13 + -1. Let x = -4 + p. List the prime factors of x.
2
Suppose -x = z, -7*z + 35 = -4*z - 4*x. Suppose -z*d + 5 + 45 = 0. List the prime factors of 102/30 - 4/d.
3
Let o(i) = 2*i**3 + i**2 + 3*i - 4. Let v be o(-3). Let s = 126 + v. Suppose 0 = 5*q - s + 13. What are the prime factors of q?
11
Suppose -13*o + o + 924 = 0. List the prime factors of o.
7, 11
Let f(j) = -j**2 + 7*j + 11. Let q be f(8). Suppose 33 = 2*z - a - 8, 0 = -z - q*a + 10. List the prime factors of z.
19
Let p(v) = v**2 + v + 1. Let z be p(-2). Let x = z + 12. List the prime factors of x.
3, 5
Let i = 0 - 6. Let x = -5 - i. List the prime factors of 9/(1/(0 + x)).
3
Let g = -44 - -77. List the prime factors of g.
3, 11
Suppose 0*s = -3*s. Suppose -5*z = -s*z - 90. List the prime factors of z.
2, 3
Let x be ((-3)/6)/((-1)/(-22)). Let c = 15 + x. Let p = 0 + c. What are the prime factors of p?
2
Suppose -2*s + 16 = -34. What are the prime factors of s?
5
Let s be (6 - 6)*2/(-4). Suppose -3*r + 4*i + 44 = r, s = 5*i - 15. What are the prime factors of r?
2, 7
Suppose -3*x + 3 = 0, -5*y = 2*x + 97 - 484. Suppose 3*v - 55 = y. Suppose 3*w - 7*w = -v. What are the prime factors of w?
11
Suppose 2*v + v = -6. List the prime factors of 1/v + (-27)/(-2).
13
Suppose 3 + 3 = 3*z. List the prime factors of z.
2
Suppose -j - 6 = -3*a, 0 = 5*a - 11 + 1. Let b(d) be the third derivative of -d**4/24 + 2*d**3/3 - d**2. What are the prime factors of b(j)?
2
Suppose n - c - 4 = 0, 2*c + 2 + 6 = 3*n. Let l(t) be the second derivative of -t**4/12 - t**3/6 + t**2 - t. List the prime factors of l(n).
2
Let q(s) = -s**2 - s - 15. Let h be q(0). Let m = h - -25. List the prime factors of m.
2, 5
Let c(j) = -3*j**2 + 17*j + 8. Let i(s) = -s**2 + 8*s + 4. Let o(d) = d + 4. Let b be o(-6). Let f(g) = b*c(g) + 5*i(g). What are the prime factors of f(-6)?
2
Let r(b) = -2*b + 0*b + b + 5*b. What are the prime factors of r(4)?
2
List the prime factors of -294*6/4*(-5)/15.
3, 7
Let i be (6/9)/((-6)/27). Let h(a) = -a**3 - a + 1. Let t be h(1). What are the prime factors of 4 - (t/(-1) + i)?
2, 3
Let v(z) = z**3 - 5*z**2 + z + 7. Let k be v(6). Let i = k - -11. List the prime factors of ((-3)/(-2))/(6/i).
3, 5
Suppose -2*f - 4*b + 207 = -53, 4*f - 531 = 3*b. What are the prime factors of f?
2, 3, 11
Let a be 64 + 1 - -1 - 0. Suppose 11*s = 6*s - 3*p + a, 2*s - 34 = -5*p. Suppose -4*z = 2*y - 42 + s, 20 = 3*z + y. What are the prime factors of z?
5
Let h = 22 + -16. Let k be 14/h + 2/(-6). Suppose 2*w + k = 10. What are the prime factors of w?
2
What are the prime factors of (-267 + -1)/((-7 - -3) + 2)?
2, 67
Let r be 1 + ((-6)/(-2) - 25). List the prime factors of (-363)/r + (-8)/28.
17
Let j(y) = 3*y + 4. Let s be j(-3). What are the prime factors of (-1)/s + 128/10?
13
Let i = 0 - 2. List the prime factors of i/(-8) - 30/(-8).
2
Let i(v) = v + 17. What are the prime factors of i(-5)?
2, 3
Let n = 344 + -166. List the prime factors of n.
2, 89
Suppose -6 = -4*m + m. Suppose m*h - 8 = -o - 0, 3*o - 3*h = -12. Let s(c) = c**2 + c + 11. What are the prime factors of s(o)?
11
Let u = 4 - 3. Let v(m) = u - 4 - m + 1. List the prime factors of v(-6).
2
Suppose -a - 12 = -3*a. Suppose 3*s - a = s. What are the prime factors of s?
3
Let u(w) = w**2 - 4*w + 7. What are the prime factors of u(7)?
2, 7
Let n(t) = 2*t**2 - 3*t. Let d be n(3). Suppose -2*z - d = -39. List the prime factors of z.
3, 5
Suppose 2*g + 6 = 74. List the prime factors of g.
2, 17
Suppose -5*g = -2*y - 3, 2*g + 4*y - 2 = -20. Let i = 6 + 3. Let t = i + g. List the prime factors of t.
2
Suppose -4*h - 2*i = -7*i + 8, -3*i = -4*h. Let r = 0 + h. Suppose 3*q = r, 3*x + 0*q - q = 47. List the prime factors of x.
2
Suppose -121 = -5*c - b, -b - 113 = -5*c + 16. Let v = 39 - c. List the prime factors of v.
2, 7
Suppose -5*x + 58 = 2*c, -2*c - 4*x + 26 = -c. List the prime factors of c.
2, 17
Suppose 0 = 2*b + 5*i + 11 + 9, -4*i = -4*b + 16. Suppose -m + 0 + 6 = b. Let q = m + 3. What are the prime factors of q?
3
List the prime factors of (-2)/(-4) - (-7)/((-28)/(-890)).
223
Suppose 5*o - 2*v + 28 = o, -4 = -o - 5*v. What are the prime factors of (-38)/o - 10/(-15)?
7
Suppose 2*a - 24 = 52. List the prime factors of a.
2, 19
Suppose 39 = 3*d - 2*d. What are the prime factors of 2/((-12)/d)*-2?
13
Let q = -7 - -13. What are the prime factors of q?
2, 3
Let m(t) = t**3 + 8*t**2 - 2*t - 10. List the prime factors of m(-8).
2, 3
Let d be 8/(-2) - 18/(-9). What are the prime factors of d/8 + 314/8?
3, 13
